{"id":19928,"date":"2025-11-24T16:17:06","date_gmt":"2025-11-24T19:17:06","guid":{"rendered":"https:\/\/www.ceat.cl\/inicio\/?page_id=19928"},"modified":"2025-12-04T21:09:06","modified_gmt":"2025-12-05T00:09:06","slug":"practica-profesional-intermedia-2","status":"publish","type":"page","link":"https:\/\/www.ceat.cl\/inicio\/practica-profesional-intermedia-2\/","title":{"rendered":"Pr\u00e1ctica Profesional Intermedia"},"content":{"rendered":"<p>[et_pb_section fb_built=\u00bb1&#8243; fullwidth=\u00bbon\u00bb custom_padding_last_edited=\u00bbon|phone\u00bb admin_label=\u00bbSecci\u00f3n\u00bb _builder_version=\u00bb4.27.4&#8243; background_color=\u00bb#ffffff\u00bb custom_margin_tablet=\u00bb\u00bb custom_margin_phone=\u00bb0px||0px||false|false\u00bb custom_margin_last_edited=\u00bbon|phone\u00bb custom_padding_tablet=\u00bb50px|0|50px|0&#8243; custom_padding_phone=\u00bb0px|0|0px|0|false|false\u00bb transparent_background=\u00bboff\u00bb padding_mobile=\u00bboff\u00bb make_fullwidth=\u00bboff\u00bb use_custom_width=\u00bboff\u00bb width_unit=\u00bbon\u00bb global_module=\u00bb403&#8243; global_colors_info=\u00bb{}\u00bb][et_pb_fullwidth_menu menu_id=\u00bb10&#8243; active_link_color=\u00bb#FFFFFF\u00bb dropdown_menu_bg_color=\u00bb#000000&#8243; dropdown_menu_line_color=\u00bb#FFFFFF\u00bb dropdown_menu_text_color=\u00bb#FFFFFF\u00bb dropdown_menu_active_link_color=\u00bb#FFFFFF\u00bb mobile_menu_bg_color=\u00bb#000000&#8243; mobile_menu_text_color=\u00bb#FFFFFF\u00bb _builder_version=\u00bb4.27.4&#8243; _module_preset=\u00bbdefault\u00bb menu_text_color=\u00bb#FFFFFF\u00bb background_color=\u00bb#000000&#8243; background_layout=\u00bbdark\u00bb global_colors_info=\u00bb{}\u00bb][\/et_pb_fullwidth_menu][\/et_pb_section][et_pb_section fb_built=\u00bb1&#8243; custom_padding_last_edited=\u00bbon|desktop\u00bb admin_label=\u00bbSection\u00bb _builder_version=\u00bb4.16&#8243; background_color=\u00bb#dedede\u00bb custom_padding=\u00bb||0px|\u00bb custom_padding_tablet=\u00bb50px|0|50px|0&#8243; custom_padding_phone=\u00bb\u00bb transparent_background=\u00bboff\u00bb padding_mobile=\u00bboff\u00bb make_fullwidth=\u00bboff\u00bb use_custom_width=\u00bboff\u00bb width_unit=\u00bbon\u00bb global_colors_info=\u00bb{}\u00bb][et_pb_row padding_mobile=\u00bboff\u00bb column_padding_mobile=\u00bbon\u00bb admin_label=\u00bbRow\u00bb module_class=\u00bbrow-cursos\u00bb _builder_version=\u00bb4.16&#8243; background_color=\u00bbrgba(255,255,255,0)\u00bb background_size=\u00bbinitial\u00bb background_position=\u00bbtop_left\u00bb background_repeat=\u00bbrepeat\u00bb make_fullwidth=\u00bboff\u00bb use_custom_width=\u00bboff\u00bb width_unit=\u00bbon\u00bb global_colors_info=\u00bb{}\u00bb][et_pb_column type=\u00bb4_4&#8243; _builder_version=\u00bb4.16&#8243; custom_padding=\u00bb|||\u00bb global_colors_info=\u00bb{}\u00bb custom_padding__hover=\u00bb|||\u00bb][et_pb_text admin_label=\u00bbText\u00bb module_id=\u00bbtitle-tabs\u00bb module_class=\u00bbtitle-tabs\u00bb _builder_version=\u00bb4.27.4&#8243; text_text_color=\u00bb#000000&#8243; background_size=\u00bbinitial\u00bb background_position=\u00bbtop_left\u00bb background_repeat=\u00bbrepeat\u00bb text_orientation=\u00bbcenter\u00bb module_alignment=\u00bbcenter\u00bb use_border_color=\u00bboff\u00bb border_color=\u00bb#ffffff\u00bb border_style=\u00bbsolid\u00bb global_colors_info=\u00bb{}\u00bb]<\/p>\n<h1 style=\"color: black;\"><b>Pr\u00e1ctica profesional intermedia<\/b><\/h1>\n<h1>\u00a0<\/h1>\n<p>[\/et_pb_text][\/et_pb_column][\/et_pb_row][\/et_pb_section][et_pb_section fb_built=\u00bb1&#8243; _builder_version=\u00bb4.27.3&#8243; _module_preset=\u00bbdefault\u00bb custom_margin=\u00bb||5px||false|false\u00bb custom_padding=\u00bb||5px||false|false\u00bb global_colors_info=\u00bb{}\u00bb][et_pb_row column_structure=\u00bb1_2,1_2&#8243; _builder_version=\u00bb4.27.0&#8243; _module_preset=\u00bbdefault\u00bb global_colors_info=\u00bb{}\u00bb][et_pb_column type=\u00bb1_2&#8243; _builder_version=\u00bb4.27.0&#8243; _module_preset=\u00bbdefault\u00bb global_colors_info=\u00bb{}\u00bb][et_pb_text admin_label=\u00bbReglamento de Pr\u00e1ctica Profesional\u00bb _builder_version=\u00bb4.27.4&#8243; background_size=\u00bbinitial\u00bb background_position=\u00bbtop_left\u00bb background_repeat=\u00bbrepeat\u00bb use_border_color=\u00bboff\u00bb border_color=\u00bb#ffffff\u00bb border_style=\u00bbsolid\u00bb global_colors_info=\u00bb{}\u00bb]<\/p>\n<p style=\"text-align: center;\" data-wp-editing=\"1\"><a href=\"https:\/\/www.ceat.cl\/inicio\/wp-content\/uploads\/2025\/10\/REGLAMENTO-DE-PRA\u0301CTICA-PROFESIONAL-Y-TITULACIO\u0301N-CEAT-02.06.25.pdf\"><img loading=\"lazy\" decoding=\"async\" class=\"aligncenter\" src=\"https:\/\/www.ceat.cl\/inicio\/wp-content\/uploads\/2024\/11\/PDF-Archivos.png\" alt=\"\" width=\"80\" height=\"80\" \/><\/a><span style=\"color: #800000;\"><a style=\"color: #800000;\" href=\"https:\/\/www.ceat.cl\/inicio\/wp-content\/uploads\/2025\/10\/REGLAMENTO-DE-PRA\u0301CTICA-PROFESIONAL-Y-TITULACIO\u0301N-CEAT-02.06.25.pdf\">Reglamento de Pr\u00e1cticas<\/a><\/span><\/p>\n<p>[\/et_pb_text][\/et_pb_column][et_pb_column type=\u00bb1_2&#8243; _builder_version=\u00bb4.27.0&#8243; _module_preset=\u00bbdefault\u00bb global_colors_info=\u00bb{}\u00bb][et_pb_text admin_label=\u00bbDescriptor y Fechas\u00bb _builder_version=\u00bb4.27.4&#8243; background_size=\u00bbinitial\u00bb background_position=\u00bbtop_left\u00bb background_repeat=\u00bbrepeat\u00bb use_border_color=\u00bboff\u00bb border_color=\u00bb#ffffff\u00bb border_style=\u00bbsolid\u00bb global_colors_info=\u00bb{}\u00bb]<\/p>\n<p style=\"text-align: center;\" data-wp-editing=\"1\"><a href=\"https:\/\/www.ceat.cl\/inicio\/wp-content\/uploads\/2025\/11\/DESCRIPTOR-PRACTICA-PROFESIONAL-INTERMEDIA-LMH-2025.pdf\"><img loading=\"lazy\" decoding=\"async\" class=\"aligncenter\" src=\"https:\/\/www.ceat.cl\/inicio\/wp-content\/uploads\/2024\/11\/DOC-Archivos.png\" alt=\"\" width=\"80\" height=\"80\" \/><\/a><span style=\"color: #800000;\"><a style=\"color: #800000;\" href=\"https:\/\/www.ceat.cl\/inicio\/wp-content\/uploads\/2025\/11\/DESCRIPTOR-PRACTICA-PROFESIONAL-INTERMEDIA-LMH-2025.pdf\">Descriptor de la Pr\u00e1ctica intermedia<\/a><\/span><\/p>\n<p>[\/et_pb_text][\/et_pb_column][\/et_pb_row][\/et_pb_section][et_pb_section fb_built=\u00bb1&#8243; _builder_version=\u00bb4.27.3&#8243; custom_margin=\u00bb5px||||false|false\u00bb custom_padding=\u00bb5px||||false|false\u00bb global_colors_info=\u00bb{}\u00bb][et_pb_row column_structure=\u00bb1_2,1_2&#8243; _builder_version=\u00bb4.27.3&#8243; background_size=\u00bbinitial\u00bb background_position=\u00bbtop_left\u00bb background_repeat=\u00bbrepeat\u00bb global_colors_info=\u00bb{}\u00bb][et_pb_column type=\u00bb1_2&#8243; _builder_version=\u00bb4.16&#8243; custom_padding=\u00bb|||\u00bb global_colors_info=\u00bb{}\u00bb custom_padding__hover=\u00bb|||\u00bb][et_pb_text admin_label=\u00bbElectricidad\u00bb _builder_version=\u00bb4.27.4&#8243; background_size=\u00bbinitial\u00bb background_position=\u00bbtop_left\u00bb background_repeat=\u00bbrepeat\u00bb hover_enabled=\u00bb0&#8243; use_border_color=\u00bboff\u00bb global_colors_info=\u00bb{}\u00bb sticky_enabled=\u00bb0&#8243;]<\/p>\n<p style=\"text-align: center;\"><strong><span style=\"color: #333333;\">Electricidad<\/span><\/strong><br \/><span style=\"color: #333333;\">Convenio de Pr\u00e1ctica Profesional intermedia &#8211; <\/span><span style=\"color: #993300;\"><a style=\"color: #993300;\" href=\"https:\/\/www.ceat.cl\/inicio\/wp-content\/uploads\/2025\/11\/CONVENIO-PRA\u0301CTICA-PROFESIONAL-INTERMEDIA-ELECTRICIDAD.docx\">Descarga aqu\u00ed<\/a><\/span><br \/><span style=\"color: #333333;\">Plan Pr\u00e1ctica Profesional intermedia &#8211; <\/span><a href=\"https:\/\/www.ceat.cl\/inicio\/wp-content\/uploads\/2025\/11\/PLAN-DE-PRA\u0301CTICA-PROFESIONAL-INTERMEDIA-ELECTRICIDAD.docx\"><span style=\"color: #993300;\">Descarga aqu\u00ed<\/span><\/a><\/p>\n<p>[\/et_pb_text][et_pb_text admin_label=\u00bbTelecomunicaciones\u00bb _builder_version=\u00bb4.27.4&#8243; background_size=\u00bbinitial\u00bb background_position=\u00bbtop_left\u00bb background_repeat=\u00bbrepeat\u00bb use_border_color=\u00bboff\u00bb global_colors_info=\u00bb{}\u00bb]<\/p>\n<p style=\"text-align: center;\"><strong><span style=\"color: #333333;\">Telecomunicaciones<\/span><\/strong><br \/><span style=\"color: #333333;\">Convenio de Pr\u00e1ctica Profesional intermedia &#8211; <\/span><span style=\"color: #993300;\"><a style=\"color: #993300;\" href=\"https:\/\/www.ceat.cl\/inicio\/wp-content\/uploads\/2025\/11\/CONVENIO-PRA\u0301CTICA-PROFESIONAL-INTERMEDIA-TELECOMUNICACIONES.docx\">Descarga aqu\u00ed<\/a><\/span><br \/><span style=\"color: #333333;\">Plan Pr\u00e1ctica Profesional intermedia &#8211; <\/span><span style=\"color: #993300;\"><a style=\"color: #993300;\" href=\"https:\/\/www.ceat.cl\/inicio\/wp-content\/uploads\/2025\/11\/PLAN-DE-PRA\u0301CTICA-PROFESIONAL-INTERMEDIA-TELECOMUNICACIONES.docx\">Descarga aqu\u00ed<\/a><\/span><\/p>\n<p>[\/et_pb_text][\/et_pb_column][et_pb_column type=\u00bb1_2&#8243; _builder_version=\u00bb4.16&#8243; custom_padding=\u00bb|||\u00bb global_colors_info=\u00bb{}\u00bb custom_padding__hover=\u00bb|||\u00bb][et_pb_text admin_label=\u00bbElectr\u00f3nica\u00bb _builder_version=\u00bb4.27.4&#8243; background_size=\u00bbinitial\u00bb background_position=\u00bbtop_left\u00bb background_repeat=\u00bbrepeat\u00bb use_border_color=\u00bboff\u00bb global_colors_info=\u00bb{}\u00bb]<\/p>\n<p style=\"text-align: center;\"><span style=\"color: #333333;\"><strong>Electr\u00f3nica<\/strong><\/span><br \/><span style=\"color: #333333;\">Convenio de Pr\u00e1ctica Profesional intermedia &#8211; <\/span><span style=\"color: #993300;\"><a style=\"color: #993300;\" href=\"https:\/\/www.ceat.cl\/inicio\/wp-content\/uploads\/2025\/11\/CONVENIO-PRA\u0301CTICA-PROFESIONAL-INTERMEDIA-ELECTRO\u0301NICA.docx\">Descarga aqu\u00ed<\/a><\/span><br \/><span style=\"color: #333333;\">Plan Pr\u00e1ctica Profesional intermedia &#8211; <\/span><span style=\"color: #993300;\"><a style=\"color: #993300;\" href=\"https:\/\/www.ceat.cl\/inicio\/wp-content\/uploads\/2025\/11\/PLAN-DE-PRA\u0301CTICA-PROFESIONAL-INTERMEDIA-ELECTRO\u0301NICA.docx\">Descarga aqu\u00ed<\/a><\/span><\/p>\n<p>[\/et_pb_text][et_pb_text admin_label=\u00bbIndustrial \u00bb _builder_version=\u00bb4.27.4&#8243; background_size=\u00bbinitial\u00bb background_position=\u00bbtop_left\u00bb background_repeat=\u00bbrepeat\u00bb use_border_color=\u00bboff\u00bb global_colors_info=\u00bb{}\u00bb]<\/p>\n<p style=\"text-align: center;\"><strong><span style=\"color: #333333;\">Mec\u00e1nica Industrial<\/span><\/strong><br \/><span style=\"color: #333333;\">Convenio de Pr\u00e1ctica Profesional intermedia &#8211; <\/span><span style=\"color: #993300;\"><a style=\"color: #993300;\" href=\"https:\/\/www.ceat.cl\/inicio\/wp-content\/uploads\/2025\/11\/CONVENIO-PRA\u0301CTICA-PROFESIONAL-INTERMEDIA-MECA\u0301NICA-INDUSTRIAL.docx\">Descarga aqu\u00ed<\/a><\/span><br \/><span style=\"color: #333333;\">Plan Pr\u00e1ctica Profesional intermedia &#8211; <\/span><span style=\"color: #993300;\"><a style=\"color: #993300;\" href=\"https:\/\/www.ceat.cl\/inicio\/wp-content\/uploads\/2025\/11\/PLAN-DE-PRA\u0301CTICA-PROFESIONAL-INTERMEDIA-MECA\u0301NICA-INDUSTRIAL.docx\">Descarga aqu\u00ed<\/a><\/span><\/p>\n<p>[\/et_pb_text][\/et_pb_column][\/et_pb_row][\/et_pb_section]<\/p>\n","protected":false},"excerpt":{"rendered":"<p>Pr\u00e1ctica profesional intermedia \u00a0Reglamento de Pr\u00e1cticasDescriptor de la Pr\u00e1ctica intermediaElectricidadConvenio de Pr\u00e1ctica Profesional intermedia &#8211; Descarga aqu\u00edPlan Pr\u00e1ctica Profesional intermedia &#8211; Descarga aqu\u00edTelecomunicacionesConvenio de Pr\u00e1ctica Profesional intermedia &#8211; Descarga aqu\u00edPlan Pr\u00e1ctica Profesional intermedia &#8211; Descarga aqu\u00edElectr\u00f3nicaConvenio de Pr\u00e1ctica Profesional intermedia &#8211; Descarga aqu\u00edPlan Pr\u00e1ctica Profesional intermedia &#8211; Descarga aqu\u00edMec\u00e1nica IndustrialConvenio de Pr\u00e1ctica Profesional intermedia &#8211; [&hellip;]<\/p>\n","protected":false},"author":2,"featured_media":0,"parent":0,"menu_order":0,"comment_status":"closed","ping_status":"closed","template":"","meta":{"_et_pb_use_builder":"on","_et_pb_old_content":"","_et_gb_content_width":"","footnotes":""},"class_list":["post-19928","page","type-page","status-publish","hentry"],"_links":{"self":[{"href":"https:\/\/www.ceat.cl\/inicio\/wp-json\/wp\/v2\/pages\/19928","targetHints":{"allow":["GET"]}}],"collection":[{"href":"https:\/\/www.ceat.cl\/inicio\/wp-json\/wp\/v2\/pages"}],"about":[{"href":"https:\/\/www.ceat.cl\/inicio\/wp-json\/wp\/v2\/types\/page"}],"author":[{"embeddable":true,"href":"https:\/\/www.ceat.cl\/inicio\/wp-json\/wp\/v2\/users\/2"}],"replies":[{"embeddable":true,"href":"https:\/\/www.ceat.cl\/inicio\/wp-json\/wp\/v2\/comments?post=19928"}],"version-history":[{"count":5,"href":"https:\/\/www.ceat.cl\/inicio\/wp-json\/wp\/v2\/pages\/19928\/revisions"}],"predecessor-version":[{"id":20038,"href":"https:\/\/www.ceat.cl\/inicio\/wp-json\/wp\/v2\/pages\/19928\/revisions\/20038"}],"wp:attachment":[{"href":"https:\/\/www.ceat.cl\/inicio\/wp-json\/wp\/v2\/media?parent=19928"}],"curies":[{"name":"wp","href":"https:\/\/api.w.org\/{rel}","templated":true}]}}

Práctica Profesional Intermedia

<p>[et_pb_section fb_built=»1&#8243; fullwidth=»on» custom_padding_last_edited=»on|phone» admin_label=»Sección» _builder_version=»4.27.4&#8243; background_color=»#ffffff» custom_margin_tablet=»» custom_margin_phone=»0px||0px||false|false» custom_margin_last_edited=»on|phone» custom_padding_tablet=»50px|0|50px|0&#8243; custom_padding_phone=»0px|0|0px|0|false|false» transparent_background=»off» padding_mobile=»off» make_fullwidth=»off» use_custom_width=»off» width_unit=»on» global_module=»403&#8243; global_colors_info=»{}»][et_pb_fullwidth_menu menu_id=»10&#8243; active_link_color=»#FFFFFF» dropdown_menu_bg_color=»#000000&#8243; dropdown_menu_line_color=»#FFFFFF» dropdown_menu_text_color=»#FFFFFF» dropdown_menu_active_link_color=»#FFFFFF» mobile_menu_bg_color=»#000000&#8243; mobile_menu_text_color=»#FFFFFF» _builder_version=»4.27.4&#8243; _module_preset=»default» menu_text_color=»#FFFFFF» background_color=»#000000&#8243; background_layout=»dark» global_colors_info=»{}»][/et_pb_fullwidth_menu][/et_pb_section][et_pb_section fb_built=»1&#8243; custom_padding_last_edited=»on|desktop» admin_label=»Section» _builder_version=»4.16&#8243; background_color=»#dedede» custom_padding=»||0px|» custom_padding_tablet=»50px|0|50px|0&#8243; custom_padding_phone=»» transparent_background=»off» padding_mobile=»off» make_fullwidth=»off» use_custom_width=»off» width_unit=»on» global_colors_info=»{}»][et_pb_row padding_mobile=»off» column_padding_mobile=»on» admin_label=»Row» module_class=»row-cursos» _builder_version=»4.16&#8243; background_color=»rgba(255,255,255,0)» background_size=»initial» background_position=»top_left» background_repeat=»repeat» make_fullwidth=»off» use_custom_width=»off» width_unit=»on» global_colors_info=»{}»][et_pb_column type=»4_4&#8243; _builder_version=»4.16&#8243; custom_padding=»|||» global_colors_info=»{}» custom_padding__hover=»|||»][et_pb_text admin_label=»Text» module_id=»title-tabs» module_class=»title-tabs» _builder_version=»4.27.4&#8243; text_text_color=»#000000&#8243; background_size=»initial» background_position=»top_left» background_repeat=»repeat» text_orientation=»center» module_alignment=»center» use_border_color=»off» border_color=»#ffffff» border_style=»solid» global_colors_info=»{}»]</p>
<h1 style="color: black;"><b>Práctica profesional intermedia</b></h1>
<h1> </h1>
<p>[/et_pb_text][/et_pb_column][/et_pb_row][/et_pb_section][et_pb_section fb_built=»1&#8243; _builder_version=»4.27.3&#8243; _module_preset=»default» custom_margin=»||5px||false|false» custom_padding=»||5px||false|false» global_colors_info=»{}»][et_pb_row column_structure=»1_2,1_2&#8243; _builder_version=»4.27.0&#8243; _module_preset=»default» global_colors_info=»{}»][et_pb_column type=»1_2&#8243; _builder_version=»4.27.0&#8243; _module_preset=»default» global_colors_info=»{}»][et_pb_text admin_label=»Reglamento de Práctica Profesional» _builder_version=»4.27.4&#8243; background_size=»initial» background_position=»top_left» background_repeat=»repeat» use_border_color=»off» border_color=»#ffffff» border_style=»solid» global_colors_info=»{}»]</p>
<p style="text-align: center;" data-wp-editing="1"><a href="https://www.ceat.cl/inicio/wp-content/uploads/2025/10/REGLAMENTO-DE-PRÁCTICA-PROFESIONAL-Y-TITULACIÓN-CEAT-02.06.25.pdf"><img loading="lazy" decoding="async" class="aligncenter" src="https://www.ceat.cl/inicio/wp-content/uploads/2024/11/PDF-Archivos.png" alt="" width="80" height="80" /></a><span style="color: #800000;"><a style="color: #800000;" href="https://www.ceat.cl/inicio/wp-content/uploads/2025/10/REGLAMENTO-DE-PRÁCTICA-PROFESIONAL-Y-TITULACIÓN-CEAT-02.06.25.pdf">Reglamento de Prácticas</a></span></p>
<p>[/et_pb_text][/et_pb_column][et_pb_column type=»1_2&#8243; _builder_version=»4.27.0&#8243; _module_preset=»default» global_colors_info=»{}»][et_pb_text admin_label=»Descriptor y Fechas» _builder_version=»4.27.4&#8243; background_size=»initial» background_position=»top_left» background_repeat=»repeat» use_border_color=»off» border_color=»#ffffff» border_style=»solid» global_colors_info=»{}»]</p>
<p style="text-align: center;" data-wp-editing="1"><a href="https://www.ceat.cl/inicio/wp-content/uploads/2025/11/DESCRIPTOR-PRACTICA-PROFESIONAL-INTERMEDIA-LMH-2025.pdf"><img loading="lazy" decoding="async" class="aligncenter" src="https://www.ceat.cl/inicio/wp-content/uploads/2024/11/DOC-Archivos.png" alt="" width="80" height="80" /></a><span style="color: #800000;"><a style="color: #800000;" href="https://www.ceat.cl/inicio/wp-content/uploads/2025/11/DESCRIPTOR-PRACTICA-PROFESIONAL-INTERMEDIA-LMH-2025.pdf">Descriptor de la Práctica intermedia</a></span></p>
<p>[/et_pb_text][/et_pb_column][/et_pb_row][/et_pb_section][et_pb_section fb_built=»1&#8243; _builder_version=»4.27.3&#8243; custom_margin=»5px||||false|false» custom_padding=»5px||||false|false» global_colors_info=»{}»][et_pb_row column_structure=»1_2,1_2&#8243; _builder_version=»4.27.3&#8243; background_size=»initial» background_position=»top_left» background_repeat=»repeat» global_colors_info=»{}»][et_pb_column type=»1_2&#8243; _builder_version=»4.16&#8243; custom_padding=»|||» global_colors_info=»{}» custom_padding__hover=»|||»][et_pb_text admin_label=»Electricidad» _builder_version=»4.27.4&#8243; background_size=»initial» background_position=»top_left» background_repeat=»repeat» hover_enabled=»0&#8243; use_border_color=»off» global_colors_info=»{}» sticky_enabled=»0&#8243;]</p>
<p style="text-align: center;"><strong><span style="color: #333333;">Electricidad</span></strong><br /><span style="color: #333333;">Convenio de Práctica Profesional intermedia &#8211; </span><span style="color: #993300;"><a style="color: #993300;" href="https://www.ceat.cl/inicio/wp-content/uploads/2025/11/CONVENIO-PRÁCTICA-PROFESIONAL-INTERMEDIA-ELECTRICIDAD.docx">Descarga aquí</a></span><br /><span style="color: #333333;">Plan Práctica Profesional intermedia &#8211; </span><a href="https://www.ceat.cl/inicio/wp-content/uploads/2025/11/PLAN-DE-PRÁCTICA-PROFESIONAL-INTERMEDIA-ELECTRICIDAD.docx"><span style="color: #993300;">Descarga aquí</span></a></p>
<p>[/et_pb_text][et_pb_text admin_label=»Telecomunicaciones» _builder_version=»4.27.4&#8243; background_size=»initial» background_position=»top_left» background_repeat=»repeat» use_border_color=»off» global_colors_info=»{}»]</p>
<p style="text-align: center;"><strong><span style="color: #333333;">Telecomunicaciones</span></strong><br /><span style="color: #333333;">Convenio de Práctica Profesional intermedia &#8211; </span><span style="color: #993300;"><a style="color: #993300;" href="https://www.ceat.cl/inicio/wp-content/uploads/2025/11/CONVENIO-PRÁCTICA-PROFESIONAL-INTERMEDIA-TELECOMUNICACIONES.docx">Descarga aquí</a></span><br /><span style="color: #333333;">Plan Práctica Profesional intermedia &#8211; </span><span style="color: #993300;"><a style="color: #993300;" href="https://www.ceat.cl/inicio/wp-content/uploads/2025/11/PLAN-DE-PRÁCTICA-PROFESIONAL-INTERMEDIA-TELECOMUNICACIONES.docx">Descarga aquí</a></span></p>
<p>[/et_pb_text][/et_pb_column][et_pb_column type=»1_2&#8243; _builder_version=»4.16&#8243; custom_padding=»|||» global_colors_info=»{}» custom_padding__hover=»|||»][et_pb_text admin_label=»Electrónica» _builder_version=»4.27.4&#8243; background_size=»initial» background_position=»top_left» background_repeat=»repeat» use_border_color=»off» global_colors_info=»{}»]</p>
<p style="text-align: center;"><span style="color: #333333;"><strong>Electrónica</strong></span><br /><span style="color: #333333;">Convenio de Práctica Profesional intermedia &#8211; </span><span style="color: #993300;"><a style="color: #993300;" href="https://www.ceat.cl/inicio/wp-content/uploads/2025/11/CONVENIO-PRÁCTICA-PROFESIONAL-INTERMEDIA-ELECTRÓNICA.docx">Descarga aquí</a></span><br /><span style="color: #333333;">Plan Práctica Profesional intermedia &#8211; </span><span style="color: #993300;"><a style="color: #993300;" href="https://www.ceat.cl/inicio/wp-content/uploads/2025/11/PLAN-DE-PRÁCTICA-PROFESIONAL-INTERMEDIA-ELECTRÓNICA.docx">Descarga aquí</a></span></p>
<p>[/et_pb_text][et_pb_text admin_label=»Industrial » _builder_version=»4.27.4&#8243; background_size=»initial» background_position=»top_left» background_repeat=»repeat» use_border_color=»off» global_colors_info=»{}»]</p>
<p style="text-align: center;"><strong><span style="color: #333333;">Mecánica Industrial</span></strong><br /><span style="color: #333333;">Convenio de Práctica Profesional intermedia &#8211; </span><span style="color: #993300;"><a style="color: #993300;" href="https://www.ceat.cl/inicio/wp-content/uploads/2025/11/CONVENIO-PRÁCTICA-PROFESIONAL-INTERMEDIA-MECÁNICA-INDUSTRIAL.docx">Descarga aquí</a></span><br /><span style="color: #333333;">Plan Práctica Profesional intermedia &#8211; </span><span style="color: #993300;"><a style="color: #993300;" href="https://www.ceat.cl/inicio/wp-content/uploads/2025/11/PLAN-DE-PRÁCTICA-PROFESIONAL-INTERMEDIA-MECÁNICA-INDUSTRIAL.docx">Descarga aquí</a></span></p>
<p>[/et_pb_text][/et_pb_column][/et_pb_row][/et_pb_section]</p>

<p>Práctica profesional intermedia  Reglamento de PrácticasDescriptor de la Práctica intermediaElectricidadConvenio de Práctica Profesional intermedia &#8211; Descarga aquíPlan Práctica Profesional intermedia &#8211; Descarga aquíTelecomunicacionesConvenio de Práctica Profesional intermedia &#8211; Descarga aquíPlan Práctica Profesional intermedia &#8211; Descarga aquíElectrónicaConvenio de Práctica Profesional intermedia &#8211; Descarga aquíPlan Práctica Profesional intermedia &#8211; Descarga aquíMecánica IndustrialConvenio de Práctica Profesional intermedia &#8211; [&hellip;]</p>
