{"id":778,"date":"2016-09-20T23:12:30","date_gmt":"2016-09-20T23:12:30","guid":{"rendered":"http:\/\/www.ceat.cl\/inicio\/?page_id=778"},"modified":"2025-10-02T12:23:08","modified_gmt":"2025-10-02T15:23:08","slug":"practicas-profesionales-des","status":"publish","type":"page","link":"https:\/\/www.ceat.cl\/inicio\/practicas-profesionales-des\/","title":{"rendered":"Descargas &#8211; Pr\u00e1cticas Profesionales"},"content":{"rendered":"<p>[et_pb_section fb_built=\u00bb1&#8243; fullwidth=\u00bbon\u00bb custom_padding_last_edited=\u00bbon|phone\u00bb admin_label=\u00bbSecci\u00f3n\u00bb _builder_version=\u00bb4.27.4&#8243; background_color=\u00bb#ffffff\u00bb custom_margin_tablet=\u00bb\u00bb custom_margin_phone=\u00bb0px||0px||false|false\u00bb custom_margin_last_edited=\u00bbon|phone\u00bb custom_padding_tablet=\u00bb50px|0|50px|0&#8243; custom_padding_phone=\u00bb0px|0|0px|0|false|false\u00bb transparent_background=\u00bboff\u00bb padding_mobile=\u00bboff\u00bb make_fullwidth=\u00bboff\u00bb use_custom_width=\u00bboff\u00bb width_unit=\u00bbon\u00bb global_module=\u00bb403&#8243; global_colors_info=\u00bb{}\u00bb][et_pb_fullwidth_menu menu_id=\u00bb10&#8243; active_link_color=\u00bb#FFFFFF\u00bb dropdown_menu_bg_color=\u00bb#000000&#8243; dropdown_menu_line_color=\u00bb#FFFFFF\u00bb dropdown_menu_text_color=\u00bb#FFFFFF\u00bb dropdown_menu_active_link_color=\u00bb#FFFFFF\u00bb mobile_menu_bg_color=\u00bb#000000&#8243; mobile_menu_text_color=\u00bb#FFFFFF\u00bb _builder_version=\u00bb4.27.4&#8243; _module_preset=\u00bbdefault\u00bb menu_text_color=\u00bb#FFFFFF\u00bb background_color=\u00bb#000000&#8243; background_layout=\u00bbdark\u00bb global_colors_info=\u00bb{}\u00bb][\/et_pb_fullwidth_menu][et_pb_fullwidth_image src=\u00bbhttp:\/\/www.ceat.cl\/inicio\/wp-content\/uploads\/2017\/04\/barra-1.png\u00bb admin_label=\u00bbFullwidth Image\u00bb _builder_version=\u00bb4.27.4&#8243; animation_style=\u00bbslide\u00bb animation_direction=\u00bbleft\u00bb animation_duration=\u00bb500ms\u00bb animation_intensity_slide=\u00bb10%\u00bb animation=\u00bbleft\u00bb use_border_color=\u00bboff\u00bb border_color=\u00bb#ffffff\u00bb border_style=\u00bbsolid\u00bb global_colors_info=\u00bb{}\u00bb][\/et_pb_fullwidth_image][\/et_pb_section][et_pb_section fb_built=\u00bb1&#8243; custom_padding_last_edited=\u00bbon|desktop\u00bb admin_label=\u00bbSection\u00bb _builder_version=\u00bb4.16&#8243; background_color=\u00bb#dedede\u00bb custom_padding=\u00bb||0px|\u00bb custom_padding_tablet=\u00bb50px|0|50px|0&#8243; custom_padding_phone=\u00bb\u00bb transparent_background=\u00bboff\u00bb padding_mobile=\u00bboff\u00bb make_fullwidth=\u00bboff\u00bb use_custom_width=\u00bboff\u00bb width_unit=\u00bbon\u00bb global_colors_info=\u00bb{}\u00bb][et_pb_row padding_mobile=\u00bboff\u00bb column_padding_mobile=\u00bbon\u00bb admin_label=\u00bbRow\u00bb module_class=\u00bbrow-cursos\u00bb _builder_version=\u00bb4.16&#8243; background_color=\u00bbrgba(255,255,255,0)\u00bb background_size=\u00bbinitial\u00bb background_position=\u00bbtop_left\u00bb background_repeat=\u00bbrepeat\u00bb make_fullwidth=\u00bboff\u00bb use_custom_width=\u00bboff\u00bb width_unit=\u00bbon\u00bb global_colors_info=\u00bb{}\u00bb][et_pb_column type=\u00bb4_4&#8243; _builder_version=\u00bb4.16&#8243; custom_padding=\u00bb|||\u00bb global_colors_info=\u00bb{}\u00bb custom_padding__hover=\u00bb|||\u00bb][et_pb_text admin_label=\u00bbText\u00bb module_id=\u00bbtitle-tabs\u00bb module_class=\u00bbtitle-tabs\u00bb _builder_version=\u00bb4.27.4&#8243; text_text_color=\u00bb#000000&#8243; background_size=\u00bbinitial\u00bb background_position=\u00bbtop_left\u00bb background_repeat=\u00bbrepeat\u00bb text_orientation=\u00bbcenter\u00bb module_alignment=\u00bbcenter\u00bb use_border_color=\u00bboff\u00bb border_color=\u00bb#ffffff\u00bb border_style=\u00bbsolid\u00bb global_colors_info=\u00bb{}\u00bb]<\/p>\n<h1 style=\"color: black;\"><b>Pr\u00e1cticas profesionales<\/b><\/h1>\n<h1><\/h1>\n<p>[\/et_pb_text][\/et_pb_column][\/et_pb_row][\/et_pb_section][et_pb_section fb_built=\u00bb1&#8243; _builder_version=\u00bb4.27.3&#8243; _module_preset=\u00bbdefault\u00bb custom_margin=\u00bb||5px||false|false\u00bb custom_padding=\u00bb||5px||false|false\u00bb global_colors_info=\u00bb{}\u00bb][et_pb_row column_structure=\u00bb1_2,1_2&#8243; _builder_version=\u00bb4.27.0&#8243; _module_preset=\u00bbdefault\u00bb global_colors_info=\u00bb{}\u00bb][et_pb_column type=\u00bb1_2&#8243; _builder_version=\u00bb4.27.0&#8243; _module_preset=\u00bbdefault\u00bb global_colors_info=\u00bb{}\u00bb][et_pb_text admin_label=\u00bbReglamento de Pr\u00e1ctica Profesional\u00bb _builder_version=\u00bb4.27.4&#8243; background_size=\u00bbinitial\u00bb background_position=\u00bbtop_left\u00bb background_repeat=\u00bbrepeat\u00bb use_border_color=\u00bboff\u00bb border_color=\u00bb#ffffff\u00bb border_style=\u00bbsolid\u00bb global_colors_info=\u00bb{}\u00bb]<\/p>\n<p style=\"text-align: center;\" data-wp-editing=\"1\"><a href=\"https:\/\/www.ceat.cl\/inicio\/wp-content\/uploads\/2025\/10\/REGLAMENTO-DE-PRA\u0301CTICA-PROFESIONAL-Y-TITULACIO\u0301N-CEAT-02.06.25.pdf\"><img loading=\"lazy\" decoding=\"async\" class=\"aligncenter\" src=\"https:\/\/www.ceat.cl\/inicio\/wp-content\/uploads\/2024\/11\/PDF-Archivos.png\" alt=\"\" width=\"80\" height=\"80\" \/><\/a><span style=\"color: #800000;\"><a style=\"color: #800000;\" href=\"https:\/\/www.ceat.cl\/inicio\/wp-content\/uploads\/2025\/10\/REGLAMENTO-DE-PRA\u0301CTICA-PROFESIONAL-Y-TITULACIO\u0301N-CEAT-02.06.25.pdf\">Reglamento de\u00a0Pr\u00e1ctica Profesional y Titulaci\u00f3n<\/a><\/span><\/p>\n<p>[\/et_pb_text][\/et_pb_column][et_pb_column type=\u00bb1_2&#8243; _builder_version=\u00bb4.27.0&#8243; _module_preset=\u00bbdefault\u00bb global_colors_info=\u00bb{}\u00bb][et_pb_text admin_label=\u00bbDescriptor y Fechas\u00bb _builder_version=\u00bb4.27.4&#8243; background_size=\u00bbinitial\u00bb background_position=\u00bbtop_left\u00bb background_repeat=\u00bbrepeat\u00bb use_border_color=\u00bboff\u00bb border_color=\u00bb#ffffff\u00bb border_style=\u00bbsolid\u00bb global_colors_info=\u00bb{}\u00bb]<\/p>\n<p style=\"text-align: center;\" data-wp-editing=\"1\"><a href=\"https:\/\/www.ceat.cl\/inicio\/wp-content\/uploads\/2025\/10\/DESCRIPTOR-PRACTICA-PROFESIONAL-LMH-2025-30.09.25.pdf\"><img loading=\"lazy\" decoding=\"async\" class=\"aligncenter\" src=\"https:\/\/www.ceat.cl\/inicio\/wp-content\/uploads\/2024\/11\/DOC-Archivos.png\" alt=\"\" width=\"80\" height=\"80\" \/><\/a><span style=\"color: #800000;\"><a style=\"color: #800000;\" href=\"https:\/\/www.ceat.cl\/inicio\/wp-content\/uploads\/2025\/10\/DESCRIPTOR-PRACTICA-PROFESIONAL-LMH-2025-30.09.25.pdf\">Descriptor de la Pr\u00e1ctica Profesional<\/a><\/span><\/p>\n<p>[\/et_pb_text][\/et_pb_column][\/et_pb_row][\/et_pb_section][et_pb_section fb_built=\u00bb1&#8243; _builder_version=\u00bb4.27.3&#8243; custom_margin=\u00bb5px||||false|false\u00bb custom_padding=\u00bb5px||||false|false\u00bb global_colors_info=\u00bb{}\u00bb][et_pb_row column_structure=\u00bb1_3,1_3,1_3&#8243; _builder_version=\u00bb4.27.3&#8243; background_size=\u00bbinitial\u00bb background_position=\u00bbtop_left\u00bb background_repeat=\u00bbrepeat\u00bb global_colors_info=\u00bb{}\u00bb][et_pb_column type=\u00bb1_3&#8243; _builder_version=\u00bb4.16&#8243; custom_padding=\u00bb|||\u00bb global_colors_info=\u00bb{}\u00bb custom_padding__hover=\u00bb|||\u00bb][et_pb_text admin_label=\u00bbElectricidad\u00bb _builder_version=\u00bb4.27.4&#8243; background_size=\u00bbinitial\u00bb background_position=\u00bbtop_left\u00bb background_repeat=\u00bbrepeat\u00bb use_border_color=\u00bboff\u00bb global_colors_info=\u00bb{}\u00bb]<\/p>\n<p style=\"text-align: center;\"><strong><span style=\"color: #333333;\">Electricidad<\/span><\/strong><br \/><span style=\"color: #333333;\">Convenio de Pr\u00e1ctica Profesional<\/span><br \/><span style=\"color: #993300;\"><a style=\"color: #993300;\" href=\"https:\/\/www.ceat.cl\/inicio\/wp-content\/uploads\/2025\/07\/CONVENIO-PRA\u0301CTICA-PROFESIONAL-ELECTRICIDAD.docx\">Descarga aqu\u00ed<\/a><\/span><\/p>\n<p>[\/et_pb_text][\/et_pb_column][et_pb_column type=\u00bb1_3&#8243; _builder_version=\u00bb4.16&#8243; custom_padding=\u00bb|||\u00bb global_colors_info=\u00bb{}\u00bb custom_padding__hover=\u00bb|||\u00bb][et_pb_text admin_label=\u00bbElectr\u00f3nica\u00bb _builder_version=\u00bb4.27.4&#8243; background_size=\u00bbinitial\u00bb background_position=\u00bbtop_left\u00bb background_repeat=\u00bbrepeat\u00bb use_border_color=\u00bboff\u00bb global_colors_info=\u00bb{}\u00bb]<\/p>\n<p style=\"text-align: center;\"><span style=\"color: #333333;\"><strong>Electr\u00f3nica<\/strong><\/span><br \/>Convenio de Pr\u00e1ctica Profesional<br \/><a href=\"https:\/\/www.ceat.cl\/inicio\/wp-content\/uploads\/2025\/07\/CONVENIO-PRA\u0301CTICA-PROFESIONAL-ELECTRONICA.docx\"><span style=\"color: #993300;\">Descarga aqu\u00ed<\/span><\/a><\/p>\n<p>[\/et_pb_text][\/et_pb_column][et_pb_column type=\u00bb1_3&#8243; _builder_version=\u00bb4.16&#8243; custom_padding=\u00bb|||\u00bb global_colors_info=\u00bb{}\u00bb custom_padding__hover=\u00bb|||\u00bb][et_pb_text admin_label=\u00bbTelecomunicaciones\u00bb _builder_version=\u00bb4.27.4&#8243; background_size=\u00bbinitial\u00bb background_position=\u00bbtop_left\u00bb background_repeat=\u00bbrepeat\u00bb use_border_color=\u00bboff\u00bb global_colors_info=\u00bb{}\u00bb]<\/p>\n<p style=\"text-align: center;\"><strong><span style=\"color: #333333;\">Telecomunicaciones<\/span><\/strong><br \/><span style=\"color: #333333;\">Convenio de Pr\u00e1ctica Profesional<\/span><br \/><span style=\"color: #993300;\"><a style=\"color: #993300;\" href=\"https:\/\/www.ceat.cl\/inicio\/wp-content\/uploads\/2025\/07\/CONVENIO-PRA\u0301CTICA-PROFESIONAL-TELECOMUNICACIONES.docx\">Descarga aqu\u00ed<\/a><\/span><\/p>\n<p>[\/et_pb_text][\/et_pb_column][\/et_pb_row][et_pb_row column_structure=\u00bb1_3,1_3,1_3&#8243; _builder_version=\u00bb4.27.3&#8243; background_size=\u00bbinitial\u00bb background_position=\u00bbtop_left\u00bb background_repeat=\u00bbrepeat\u00bb global_colors_info=\u00bb{}\u00bb][et_pb_column type=\u00bb1_3&#8243; _builder_version=\u00bb4.16&#8243; custom_padding=\u00bb|||\u00bb global_colors_info=\u00bb{}\u00bb custom_padding__hover=\u00bb|||\u00bb][et_pb_text admin_label=\u00bbAutomotriz\u00bb _builder_version=\u00bb4.27.4&#8243; background_size=\u00bbinitial\u00bb background_position=\u00bbtop_left\u00bb background_repeat=\u00bbrepeat\u00bb use_border_color=\u00bboff\u00bb global_colors_info=\u00bb{}\u00bb]<\/p>\n<p style=\"text-align: center;\"><strong><span style=\"color: #333333;\">Mec\u00e1nica Automotriz<\/span><\/strong><br \/><span style=\"color: #333333;\">Convenio de Pr\u00e1ctica Profesional<\/span><br \/><span style=\"color: #993300;\"><a style=\"color: #993300;\" href=\"https:\/\/www.ceat.cl\/inicio\/wp-content\/uploads\/2025\/07\/CONVENIO-PRA\u0301CTICA-PROFESIONAL-MECANICA-AUTOMOTRIZ.docx\">Descarga aqu\u00ed<\/a><\/span><\/p>\n<p>[\/et_pb_text][\/et_pb_column][et_pb_column type=\u00bb1_3&#8243; _builder_version=\u00bb4.16&#8243; custom_padding=\u00bb|||\u00bb global_colors_info=\u00bb{}\u00bb custom_padding__hover=\u00bb|||\u00bb][et_pb_text admin_label=\u00bbIndustrial menci\u00f3n M\u00e1quinas Herramientas\u00bb _builder_version=\u00bb4.27.4&#8243; background_size=\u00bbinitial\u00bb background_position=\u00bbtop_left\u00bb background_repeat=\u00bbrepeat\u00bb use_border_color=\u00bboff\u00bb global_colors_info=\u00bb{}\u00bb]<\/p>\n<p style=\"text-align: center;\"><strong><span style=\"color: #333333;\">Mec. Industrial menci\u00f3n M\u00e1quinas Herramientas<\/span><\/strong><br \/><span style=\"color: #333333;\">Convenio de Pr\u00e1ctica Profesional<\/span><br \/><span style=\"color: #993300;\"><a style=\"color: #993300;\" href=\"https:\/\/www.ceat.cl\/inicio\/wp-content\/uploads\/2025\/07\/CONVENIO-PRA\u0301CTICA-PROFESIONAL-MECANICA-INDUSTRIAL_MENCIO\u0301N-MAQUINAS-HERRAMIENTAS.docx\">Descarga aqu\u00ed<\/a><\/span><\/p>\n<p>[\/et_pb_text][\/et_pb_column][et_pb_column type=\u00bb1_3&#8243; _builder_version=\u00bb4.16&#8243; custom_padding=\u00bb|||\u00bb global_colors_info=\u00bb{}\u00bb custom_padding__hover=\u00bb|||\u00bb][et_pb_text admin_label=\u00bbIndustrial menci\u00f3n electromec\u00e1nica\u00bb _builder_version=\u00bb4.27.4&#8243; background_size=\u00bbinitial\u00bb background_position=\u00bbtop_left\u00bb background_repeat=\u00bbrepeat\u00bb use_border_color=\u00bboff\u00bb global_colors_info=\u00bb{}\u00bb]<\/p>\n<p style=\"text-align: center;\"><strong><span style=\"color: #333333;\">Mec. Industrial menci\u00f3n Mantenimiento electromec\u00e1nico<\/span><\/strong><br \/><span style=\"color: #333333;\">Convenio de Pr\u00e1ctica Profesional<\/span><br \/><span style=\"color: #993300;\"><a style=\"color: #993300;\" href=\"https:\/\/www.ceat.cl\/inicio\/wp-content\/uploads\/2025\/07\/CONVENIO-PRA\u0301CTICA-PROFESIONAL-MECANICA-INDUSTRIAL_MENCIO\u0301N-MANTENIMIENTO-ELECTROMECA\u0301NICO.docx\">Descarga aqu\u00ed<\/a><\/span><\/p>\n<p>[\/et_pb_text][\/et_pb_column][\/et_pb_row][\/et_pb_section]<\/p>\n","protected":false},"excerpt":{"rendered":"<p>Pr\u00e1cticas profesionales Reglamento de\u00a0Pr\u00e1ctica Profesional y Titulaci\u00f3nDescriptor de la Pr\u00e1ctica ProfesionalElectricidadConvenio de Pr\u00e1ctica ProfesionalDescarga aqu\u00edElectr\u00f3nicaConvenio de Pr\u00e1ctica ProfesionalDescarga aqu\u00edTelecomunicacionesConvenio de Pr\u00e1ctica ProfesionalDescarga aqu\u00edMec\u00e1nica AutomotrizConvenio de Pr\u00e1ctica ProfesionalDescarga aqu\u00edMec. Industrial menci\u00f3n M\u00e1quinas HerramientasConvenio de Pr\u00e1ctica ProfesionalDescarga aqu\u00edMec. Industrial menci\u00f3n Mantenimiento electromec\u00e1nicoConvenio de Pr\u00e1ctica ProfesionalDescarga aqu\u00ed<\/p>\n","protected":false},"author":2,"featured_media":0,"parent":0,"menu_order":0,"comment_status":"closed","ping_status":"closed","template":"","meta":{"_et_pb_use_builder":"on","_et_pb_old_content":"<p><strong>Pr\u00e1ctica y pre-pr\u00e1ctica profesional: Reglamento,descriptores, evaluaci\u00f3n y convenios.<\/strong><\/p><p>\u00a0<\/p><table style=\"border-collapse: collapse; border: none; height: 238px;\" border=\"1\" width=\"1140\" cellspacing=\"0\" cellpadding=\"0\"><tbody><tr><td style=\"width: 284.6pt; border: 1pt white; padding: 0cm 5.4pt; text-align: center;\" valign=\"top\" width=\"246\"><a href=\"http:\/\/www.ceat.cl\/inicio\/wp-content\/uploads\/2016\/09\/REGLAMENTO-DE-PRACTICA-PROFESIONAL-Y-TITULACI\u00d3N-CEAT.pdf\"><img class=\"wp-image-749 aligncenter\" src=\"http:\/\/www.ceat.cl\/inicio\/wp-content\/uploads\/2016\/09\/icono-pdf.png\" alt=\"icono-pdf\" width=\"90\" height=\"96\" \/><\/a>Reglamento de<br \/> Pr\u00e1ctica Profesional<\/td><td style=\"width: 284.65pt; border: white 1.0pt; border-left: none; padding: 0cm 5.4pt 0cm 5.4pt;\" valign=\"top\" width=\"246\"><div style=\"margin-left: 18.0pt; text-indent: -18.0pt;\"><a href=\"http:\/\/www.ceat.cl\/inicio\/wp-content\/uploads\/2016\/09\/PRACTICA-PROFESIONAL-descriptor-y-fechas.docx\"><img class=\"wp-image-750 aligncenter\" src=\"http:\/\/www.ceat.cl\/inicio\/wp-content\/uploads\/2016\/09\/icono-word.png\" alt=\"icono-word\" width=\"100\" height=\"100\" \/><\/a><\/div><div style=\"margin-left: 18pt; text-indent: -18pt; text-align: center;\">Pr\u00e1ctica Profesional<\/div><div style=\"margin-left: 18pt; text-indent: -18pt; text-align: center;\">Descriptor y Fechas<\/div><\/td><td style=\"width: 284.6pt; border: white 1.0pt; padding: 0cm 5.4pt 0cm 5.4pt;\" valign=\"top\" width=\"246\"><div style=\"margin-left: 18.0pt; text-indent: -18.0pt;\"><a href=\"http:\/\/www.ceat.cl\/inicio\/wp-content\/uploads\/2016\/09\/FORMULARIO-EVALUACION-DE-PRACTICA-PROFESIONAL-p\u00e1gina-1.docx\"><img class=\"wp-image-750 aligncenter\" src=\"http:\/\/www.ceat.cl\/inicio\/wp-content\/uploads\/2016\/09\/icono-word.png\" alt=\"icono-word\" width=\"100\" height=\"100\" \/><\/a><\/div><div style=\"margin-left: 18pt; text-indent: -18pt; text-align: center;\">Formulario Evaluaci\u00f3n N\u00b01<\/div><div style=\"margin-left: 18pt; text-indent: -18pt; text-align: center;\">Pr\u00e1ctica Profesional<\/div><div style=\"margin-left: 18pt; text-indent: -18pt; text-align: center;\"><span style=\"color: #ffffff;\">s<\/span><\/div><\/td><td style=\"width: 284.6pt; border: white 1.0pt; padding: 0cm 5.4pt 0cm 5.4pt;\" valign=\"top\" width=\"246\"><div style=\"margin-left: 18.0pt; text-indent: -18.0pt;\"><a href=\"http:\/\/www.ceat.cl\/inicio\/wp-content\/uploads\/2016\/09\/FORMULARIO-EVALUACION-DE-PRACTICA-PROFESIONAL-p\u00e1gina-2-reverso.docx\"><img class=\"wp-image-750 aligncenter\" src=\"http:\/\/www.ceat.cl\/inicio\/wp-content\/uploads\/2016\/09\/icono-word.png\" alt=\"icono-word\" width=\"100\" height=\"100\" \/><\/a><\/div><div style=\"margin-left: 18pt; text-indent: -18pt; text-align: center;\">Formulario Evaluaci\u00f3n N\u00b02<\/div><div style=\"margin-left: 18pt; text-indent: -18pt; text-align: center;\">Pr\u00e1ctica Profesional<\/div><div style=\"margin-left: 18pt; text-indent: -18pt; text-align: center;\"><span style=\"color: #ffffff;\">s<\/span><\/div><\/td><\/tr><tr><td style=\"width: 284.65pt; border: white 1.0pt; border-left: none; padding: 0cm 5.4pt 0cm 5.4pt;\" valign=\"top\" width=\"246\"><div style=\"margin-left: 18pt; text-indent: -18pt; text-align: center;\"><a href=\"http:\/\/www.ceat.cl\/inicio\/wp-content\/uploads\/2016\/09\/CONVENIO-PRE-PR\u00c1CTICA-PROFESIONAL-ELECTRICIDAD-30122014.pdf\"><img class=\"wp-image-749\" src=\"http:\/\/www.ceat.cl\/inicio\/wp-content\/uploads\/2016\/09\/icono-pdf.png\" alt=\"icono-pdf\" width=\"90\" height=\"96\" \/><\/a><\/div><div style=\"margin-left: 18pt; text-indent: -18pt; text-align: center;\">Convenio PRE-Pr\u00e1ctica Profesional Electricidad<\/div><\/td><td style=\"width: 284.6pt; border: white 1.0pt; padding: 0cm 5.4pt 0cm 5.4pt;\" valign=\"top\" width=\"246\"><div style=\"margin-left: 18.0pt; text-indent: -18.0pt;\"><a href=\"http:\/\/www.ceat.cl\/inicio\/wp-content\/uploads\/2016\/09\/CONVENIO-PRE-PR\u00c1CTICA-PROFESIONAL-ELECTRONICA-30122014.pdf\"><img class=\"wp-image-749 aligncenter\" src=\"http:\/\/www.ceat.cl\/inicio\/wp-content\/uploads\/2016\/09\/icono-pdf.png\" alt=\"icono-pdf\" width=\"90\" height=\"96\" \/><\/a><\/div><div style=\"margin-left: 18pt; text-indent: -18pt; text-align: center;\">Convenio PRE-Pr\u00e1ctica Profesional Electr\u00f3nica<\/div><div style=\"margin-left: 18pt; text-indent: -18pt; text-align: center;\"><span style=\"color: #ffffff;\">a<\/span><\/div><\/td><td style=\"width: 284.6pt; border: white 1.0pt; padding: 0cm 5.4pt 0cm 5.4pt;\" valign=\"top\" width=\"246\"><div style=\"margin-left: 18pt; text-indent: -18pt; text-align: center;\"><a href=\"http:\/\/www.ceat.cl\/inicio\/wp-content\/uploads\/2016\/09\/CONVENIO-PRE-PR\u00c1CTICA-PROFESIONAL-MECANICA-INDUSTRIAL-30122014.pdf\"><img class=\"alignnone wp-image-749\" src=\"http:\/\/www.ceat.cl\/inicio\/wp-content\/uploads\/2016\/09\/icono-pdf.png\" alt=\"icono-pdf\" width=\"90\" height=\"96\" \/><\/a><\/div><div style=\"margin-left: 18pt; text-indent: -18pt; text-align: center;\">Convenio PRE-Pr\u00e1ctica Profesional Mec\u00e1nica Industrial<\/div><\/td><td style=\"width: 284.65pt; border: white 1.0pt; border-left: none; padding: 0cm 5.4pt 0cm 5.4pt;\" valign=\"top\" width=\"246\"><div style=\"margin-left: 18.0pt; text-indent: -18.0pt;\"><a href=\"http:\/\/www.ceat.cl\/inicio\/wp-content\/uploads\/2016\/09\/CONVENIO-PR\u00c1CTICA-PROFESIONAL-ELECTRICIDAD.pdf\"><img class=\"wp-image-749 aligncenter\" src=\"http:\/\/www.ceat.cl\/inicio\/wp-content\/uploads\/2016\/09\/icono-pdf.png\" alt=\"icono-pdf\" width=\"90\" height=\"96\" \/><\/a><\/div><div style=\"margin-left: 18pt; text-indent: -18pt; text-align: center;\">Convenio Pr\u00e1ctica Profesional Electricidad<\/div><\/td><\/tr><tr><td style=\"width: 284.6pt; border: white 1.0pt; padding: 0cm 5.4pt 0cm 5.4pt;\" valign=\"top\" width=\"246\"><div style=\"margin-left: 18pt; text-indent: -18pt; text-align: center;\"><a href=\"http:\/\/www.ceat.cl\/inicio\/wp-content\/uploads\/2016\/09\/CONVENIO-PR\u00c1CTICA-PROFESIONAL-ELECTRONICA.pdf\"><img class=\"wp-image-749\" src=\"http:\/\/www.ceat.cl\/inicio\/wp-content\/uploads\/2016\/09\/icono-pdf.png\" alt=\"icono-pdf\" width=\"90\" height=\"96\" \/><\/a><\/div><div style=\"margin-left: 18pt; text-indent: -18pt; text-align: center;\">Convenio Pr\u00e1ctica Profesional<\/div><div style=\"margin-left: 18pt; text-indent: -18pt; text-align: center;\">Electr\u00f3nica<\/div><div style=\"margin-left: 18pt; text-indent: -18pt; text-align: center;\"><span style=\"color: #ffffff;\">s<\/span><\/div><\/td><td style=\"width: 284.6pt; border: white 1.0pt; padding: 0cm 5.4pt 0cm 5.4pt;\" valign=\"top\" width=\"246\"><div style=\"margin-left: 18pt; text-indent: -18pt; text-align: center;\"><a href=\"http:\/\/www.ceat.cl\/inicio\/wp-content\/uploads\/2016\/09\/CONVENIO-PR\u00c1CTICA-PROFESIONAL-TELECOMUNICACIONES.pdf\"><img class=\"wp-image-749\" src=\"http:\/\/www.ceat.cl\/inicio\/wp-content\/uploads\/2016\/09\/icono-pdf.png\" alt=\"icono-pdf\" width=\"90\" height=\"96\" \/><\/a><\/div><div style=\"margin-left: 18pt; text-indent: -18pt; text-align: center;\">Convenio Pr\u00e1ctica Profesional Telecomunicaciones<\/div><\/td><td style=\"width: 284.65pt; border: white 1.0pt; border-left: none; padding: 0cm 5.4pt 0cm 5.4pt;\" valign=\"top\" width=\"246\"><div style=\"margin-left: 18.0pt; text-indent: -18.0pt;\"><a href=\"http:\/\/www.ceat.cl\/inicio\/wp-content\/uploads\/2016\/09\/CONVENIO-PR\u00c1CTICA-PROFESIONAL-MECANICA-INDUSTRIAL-122014.pdf\"><img class=\"wp-image-749 aligncenter\" src=\"http:\/\/www.ceat.cl\/inicio\/wp-content\/uploads\/2016\/09\/icono-pdf.png\" alt=\"icono-pdf\" width=\"90\" height=\"96\" \/><\/a><\/div><div style=\"margin-left: 18pt; text-indent: -18pt; text-align: center;\">Convenio Pr\u00e1ctica Profesional<\/div><div style=\"margin-left: 18pt; text-indent: -18pt; text-align: center;\">Mec\u00e1nica Industrial<\/div><\/td><td style=\"width: 284.6pt; border: white 1.0pt; padding: 0cm 5.4pt 0cm 5.4pt;\" valign=\"top\" width=\"246\"><div style=\"margin-left: 18.0pt; text-indent: -18.0pt;\"><a href=\"http:\/\/www.ceat.cl\/inicio\/wp-content\/uploads\/2016\/09\/CONVENIO-PR\u00c1CTICA-PROFESIONAL-MECANICA-AUTOMOTRIZ.pdf\"><img class=\"wp-image-749 aligncenter\" src=\"http:\/\/www.ceat.cl\/inicio\/wp-content\/uploads\/2016\/09\/icono-pdf.png\" alt=\"icono-pdf\" width=\"90\" height=\"96\" \/><\/a><\/div><div style=\"margin-left: 18pt; text-indent: -18pt; text-align: center;\">Convenio Pr\u00e1ctica Profesional<\/div><div style=\"margin-left: 18pt; text-indent: -18pt; text-align: center;\">Mec\u00e1nica Automotriz<\/div><\/td><\/tr><\/tbody><\/table>","_et_gb_content_width":"","footnotes":""},"class_list":["post-778","page","type-page","status-publish","hentry"],"_links":{"self":[{"href":"https:\/\/www.ceat.cl\/inicio\/wp-json\/wp\/v2\/pages\/778","targetHints":{"allow":["GET"]}}],"collection":[{"href":"https:\/\/www.ceat.cl\/inicio\/wp-json\/wp\/v2\/pages"}],"about":[{"href":"https:\/\/www.ceat.cl\/inicio\/wp-json\/wp\/v2\/types\/page"}],"author":[{"embeddable":true,"href":"https:\/\/www.ceat.cl\/inicio\/wp-json\/wp\/v2\/users\/2"}],"replies":[{"embeddable":true,"href":"https:\/\/www.ceat.cl\/inicio\/wp-json\/wp\/v2\/comments?post=778"}],"version-history":[{"count":5,"href":"https:\/\/www.ceat.cl\/inicio\/wp-json\/wp\/v2\/pages\/778\/revisions"}],"predecessor-version":[{"id":19502,"href":"https:\/\/www.ceat.cl\/inicio\/wp-json\/wp\/v2\/pages\/778\/revisions\/19502"}],"wp:attachment":[{"href":"https:\/\/www.ceat.cl\/inicio\/wp-json\/wp\/v2\/media?parent=778"}],"curies":[{"name":"wp","href":"https:\/\/api.w.org\/{rel}","templated":true}]}}